{"id":115,"date":"2017-01-04T23:50:28","date_gmt":"2017-01-04T23:50:28","guid":{"rendered":"http:\/\/zdravljestudenata.ba\/?page_id=115"},"modified":"2025-02-25T07:32:34","modified_gmt":"2025-02-25T07:32:34","slug":"rj-stomatoloska-sluzba-polivalentnog-tipa-sa-zubotehnickim-laboratorijem","status":"publish","type":"page","link":"https:\/\/zdravljestudenata.ba\/?page_id=115","title":{"rendered":"RJ Stomatolo\u0161ka slu\u017eba polivalentnog tipa sa zubotehni\u010dkim laboratorijem"},"content":{"rendered":"<p><img loading=\"lazy\" decoding=\"async\" class=\" wp-image-116\" src=\"http:\/\/zdravljestudenata.ba\/wp-content\/uploads\/2017\/01\/5789661d-aae1-4e05-b87b-01a5ccf73c0d-0-150x150.jpg\" alt=\"\" width=\"311\" height=\"311\" \/><\/p>\n<p>Ova RJ pru\u017ea \u00a0stomatolo\u0161ke i zubotehni\u010dke usluge visokog kvaliteta. Nudimo \u0161iroku paletu stomatolo\u0161kih usluga uz savremenu opremu i materijale. U sklopu na\u0161ih ordinacija nalazi se zubotehni\u010dki laboratorij opremljen savremenom opremom.<\/p>\n<p>Nudimo:<\/p>\n<ul>\n<li>Bezbolno popravljanje zuba(bijele plombe);<\/li>\n<li>Lije\u010denje korjenskih kanala;<\/li>\n<li>Prevenciju i lije\u010denje gingivitisa i parodontitisa(uklanjanje naslaga sa zuba i zubnog kamenca sa poliranjem zuba i bjeljenjem);<\/li>\n<li>Ekstrakciju zuba;<\/li>\n<li>Stomatolo\u0161ku protetiku- fiksnu i mobilnu( Metal-kerami\u010dke navlake i proteze).<\/li>\n<\/ul>\n","protected":false},"excerpt":{"rendered":"<p>Ova RJ pru\u017ea \u00a0stomatolo\u0161ke i zubotehni\u010dke usluge visokog kvaliteta. Nudimo \u0161iroku paletu stomatolo\u0161kih usluga uz savremenu opremu i materijale. U sklopu na\u0161ih ordinacija nalazi se zubotehni\u010dki laboratorij opremljen savremenom opremom. Nudimo: Bezbolno popravljanje zuba(bijele plombe); Lije\u010denje korjenskih kanala; Prevenciju i lije\u010denje gingivitisa i parodontitisa(uklanjanje naslaga sa zuba i zubnog kamenca sa poliranjem zuba i bjeljenjem); [&hellip;]<\/p>\n","protected":false},"author":1,"featured_media":0,"parent":0,"menu_order":0,"comment_status":"closed","ping_status":"closed","template":"","meta":{"_monsterinsights_skip_tracking":false,"_monsterinsights_sitenote_active":false,"_monsterinsights_sitenote_note":"","_monsterinsights_sitenote_category":0,"footnotes":""},"class_list":["post-115","page","type-page","status-publish","hentry"],"_links":{"self":[{"href":"https:\/\/zdravljestudenata.ba\/index.php?rest_route=\/wp\/v2\/pages\/115"}],"collection":[{"href":"https:\/\/zdravljestudenata.ba\/index.php?rest_route=\/wp\/v2\/pages"}],"about":[{"href":"https:\/\/zdravljestudenata.ba\/index.php?rest_route=\/wp\/v2\/types\/page"}],"author":[{"embeddable":true,"href":"https:\/\/zdravljestudenata.ba\/index.php?rest_route=\/wp\/v2\/users\/1"}],"replies":[{"embeddable":true,"href":"https:\/\/zdravljestudenata.ba\/index.php?rest_route=%2Fwp%2Fv2%2Fcomments&post=115"}],"version-history":[{"count":3,"href":"https:\/\/zdravljestudenata.ba\/index.php?rest_route=\/wp\/v2\/pages\/115\/revisions"}],"predecessor-version":[{"id":1356,"href":"https:\/\/zdravljestudenata.ba\/index.php?rest_route=\/wp\/v2\/pages\/115\/revisions\/1356"}],"wp:attachment":[{"href":"https:\/\/zdravljestudenata.ba\/index.php?rest_route=%2Fwp%2Fv2%2Fmedia&parent=115"}],"curies":[{"name":"wp","href":"https:\/\/api.w.org\/{rel}","templated":true}]}}